{"id":29,"date":"2014-06-07T12:05:54","date_gmt":"2014-06-07T16:05:54","guid":{"rendered":"http:\/\/www.quetza.cl\/?page_id=29"},"modified":"2019-04-29T23:10:49","modified_gmt":"2019-04-30T03:10:49","slug":"la-leyenda-del-quinto-sol","status":"publish","type":"page","link":"https:\/\/www.quetza.cl\/?page_id=29","title":{"rendered":"La Leyenda del Quinto Sol"},"content":{"rendered":"<p>La Leyenda n\u00e1huatl de los Cinco Soles es fundamental para entender la evoluci\u00f3n humana de manera simb\u00f3lica. Con todas las variantes que existen refiere que en el principio de los tiempos no exist\u00eda nada y fue entonces que el Se\u00f1or de la Dualidad Divina, Ometecuhtli, cre\u00f3 a Tonacacihuatl, la Se\u00f1ora de Nuestra Carne y a Tonacatecuhtli el Se\u00f1or de Nuestra Carne para que poblaran la tierra.<\/p>\n<p>Ellos se reprodujeron y tuvieron a cuatro hijos llamados: Tezcatlipoca Rojo, Tezcatlipoca Negro, Tezcatlipoca Blanco y Tezcatlipoca Azul. Luego los Tezcatlipocas pensaron que deber\u00edan crear una obra para que los veneraran como dioses.<\/p>\n<p>Tezcatlipoca Azul hizo una gran hoguera y los hermanos se centraron a su alrededor para crear a los seres humanos. As\u00ed naci\u00f3 el hombre y lo llamaron Huehuecoyotl y le crearon a su mujer. Les ordenaron tener hijos y les crearon a los animales, las monta\u00f1as, los mares, los lagos y les dejaron como misi\u00f3n adorar a los cuatro dioses. Sin embargo, la obra no era perfecta porque Tlaltipac estaba en tinieblas, dado que no exist\u00eda el Sol.<\/p>\n<p><a href=\"https:\/\/www.youtube.com\/watch?v=2g0kohXduOk\">https:\/\/www.youtube.com\/watch?v=2g0kohXduOk<\/a><\/p>\n<p>Fue entonces, que Tezatlipoca Blanco-Quetzac\u00f3atl convirti\u00f3 la hoguera en un d\u00e9bil Sol, lo que hizo que Tezcatlipoca Negro molesto se convirtiera en un potente Sol, que destruye la vida y marchita las plantas. Los gigantes que habitaban el mundo en aquella \u00e9poca llamados Tzoculiceque se alimentaban de los pi\u00f1ones. Fue Tezcatlipoca Blanco-Quetzac\u00f3atl el que derrib\u00f3 de un bastonazo a ese inclemente sol y Tezcatlipoca Negro cay\u00f3 en el fondo de un lago y emergi\u00f3 transformado en un inmenso jaguar, al que lo segu\u00edan muchos jaguares que devoraron a los gigantes. Este fue el Sol de Tierra o Tlaltipactonantiuh.<\/p>\n<p>El siguiente Sol se cre\u00f3 porque Quetzac\u00f3atl se transform\u00f3 en Sol, pero fue un Sol menos intenso, lo que provoc\u00f3 que la agricultura prosperara y que los seres humanos se alimentaran de una fruta silvestre llamada acotzintli. Pero un d\u00eda Tezcatlipoca Negro convertido en jaguar trep\u00f3 a los cielos y de un zarpazo derrib\u00f3 a su hermano Tezcatlipoca Blanco-Quetzac\u00f3atl, lo que provoc\u00f3 un vendaval que desgarraba los cerros, sembrando destrucci\u00f3n. Por la fuerza del viento los seres humanos ten\u00edan que caminar encorvados, por lo que se convirtieron en monos. Este Sol se le llam\u00f3 Sol de Viento o Ehecatonatiuh.<\/p>\n<p>El tercer Sol se cre\u00f3 cuando Tl\u00e1loc toma el lugar de Quetzac\u00f3atl y se convierte en Sol. Tlaltipac se vuelve a poblar y los seres humanos ahora se alimentan de ma\u00edz de agua. Al tiempo los seres humanos empezaron a corromperse con pr\u00e1cticas inmorales y a desatender sus obligaciones con los dioses. La tierra se convirti\u00f3 en un p\u00e1ramo, de modo que Quetzac\u00f3atl le ordena a Xiuhtecuhtli, Se\u00f1or del Fuego, que destruya a la humanidad. Del cielo empez\u00f3 a llover fuego y los seres humanos se convirtieron en aves. Este Sol se llam\u00f3 Xiuhtonatiuh.<\/p>\n<p>El siguiente Sol se cre\u00f3 por \u00f3rdenes de Tezcatlipoca Azul-Huitzilopochtli (para los mexicas), qui\u00e9n orden\u00f3 a Chalchuiuhcueye, La Se\u00f1ora de las Faldas de Esmeraldas convertirse en Sol. El alimento de los seres humanos fue Nahui-xochitl. Pero en la lucha c\u00f3smica de los contrarios, Tezcatlipoca obliga a Chalchuiuhcueye a destruir a la humanidad, por lo cual empieza a llover de manera permanente hasta que los seres humanos se convierten en peces y los cielos perdieron el equilibrio y cayeron sobre la tierra. Este Sol se llam\u00f3 Atonatiuh.<\/p>\n<p>Entonces, los dioses apenados por sus errores se reunieron de nuevo en Teotihuacan y rectificar, decidieron crear a cuatro hombres llamados: Atemoc, Itzacoatl, Itzamaliza y Tenoch. Los cuatro emergieron por los cuatro puntos cardinales convertidos en frondosos \u00e1rboles. Levantaron los 13 cielos y reconstruyeron los 9 estratos del Mictl\u00e1n . Los dioses ordenaron a Tezcatlipoca Blanco-Quetzac\u00f3atl que viajara al Mictl\u00e1n y le pidiera al Mictlantecuhtli, el Se\u00f1or de la Muerte, que le diera los huesos de los seres humanos de que hab\u00edan muerto en el Sol anterior.<\/p>\n<p>El Se\u00f1or de la Muerte le puso unas pruebas que Quetzac\u00f3atl pudo superar con ayuda de los insectos y su nagual X\u00f3lotl para rescatar a las \u201creliquias divinas\u201d a las que dio vida al sangrarse su miembro sobre los huesos. Faltaba el alimento de los seres humanos del nuevo Sol. De modo que los dioses decidieron que nuevamente Tezcatlipoca Blanco-Quetzac\u00f3atl, ahora convertido en una hormiga localizara el Monte del Sustento llamado en n\u00e1huatl Tonacaltepetl y que trajera el ma\u00edz y las semillas para la nueva alimentaci\u00f3n de los seres humanos.<\/p>\n<p>Los dioses se volvieron reunir en Teotihuacan y decidieron crear el Quinto Sol, pues Tlaltipac estaba a obscuras. Acordaron que uno de ellos se convertir\u00eda en Sol, para lo cual hicieron una gran hoguera y escogieron a Tecucciztecatl y a Nanahuatzin para que ayunaran por 13 d\u00edas y purificaran su cuerpo y su esp\u00edritu. Mientras el primero evit\u00f3 el sacrificio ofrendado joyas y piedras preciosas, el segundo se entreg\u00f3 con devoci\u00f3n a sacrificarse para lograr la purificaci\u00f3n.<\/p>\n<p>Cuando los dioses ordenaron a Tecucciztecatl saltar a la gran hoguera, no encontr\u00f3 el valor y la fuerza interna para hacerlo. Despu\u00e9s de varios intentos fallidos, los dioses ordenaron a Nanahuatzin que saltara, lo cual hizo de inmediato. Poco tiempo despu\u00e9s, en el horizonte apreci\u00f3 Nanahuatzin convertido en el Quinto Sol, pero enseguida, apareci\u00f3 por el Oriente Tecucciztecatl tambi\u00e9n convertido en Sol.<\/p>\n<p>Los dioses dialogaron y concluyeron que no pod\u00eda haber dos Soles, de modo que tomaron a un conejo que pasaba y lo arrojaron sobre la cara de Tecucciztecatl, para opacar su luz y \u00e9ste se convirti\u00f3 en la Luna.<\/p>\n<p>A pesar de todo lo hecho por los dioses el Sol no ten\u00eda movimiento. Nuevamente los dioses dialogaron y concluyeron que todos ellos deb\u00edan sacrificarse, arroj\u00e1ndose tambi\u00e9n a la hoguera, para darle vida y movimiento al Quinto Sol. El \u00fanico que no quiso saltar fue X\u00f3lotl, pero fue perseguido por Quetzac\u00f3atl y a\u00fan cuando pretend\u00eda evadir su destino convirti\u00e9ndose en ma\u00edz, maguey y ajolote.<\/p>\n<p>El sacrificio de los dioses dio como resultado la creaci\u00f3n y la vida del Quinto Sol. Las divinidades se tuvieron que sacrificarse para que los seres humanos pudieran vivir. Por eso el nombre que le dieron al pueblo fue de macehualli o macehual, que significa en n\u00e1huatl \u201cMerecido del sacrificio de los dioses\u201d. Esto explica, filos\u00f3ficamente, el profundo sentido de sacrificio que ten\u00eda la vida para los anahuacas y en los mexicanos contempor\u00e1neos. Los dioses se sacrificaron para darles la vida y los seres humanos \u201calimentaban\u201d a los dioses a trav\u00e9s de sacrificarles \u201cespiritualmente\u201d.<\/p>\n","protected":false},"excerpt":{"rendered":"<p>La Leyenda n\u00e1huatl de los Cinco Soles es fundamental para entender la evoluci\u00f3n humana de manera simb\u00f3lica. Con todas las variantes que existen refiere que en el principio de los [&hellip;]<\/p>\n","protected":false},"author":1,"featured_media":0,"parent":0,"menu_order":0,"comment_status":"open","ping_status":"closed","template":"","meta":{"footnotes":""},"class_list":["post-29","page","type-page","status-publish","hentry"],"_links":{"self":[{"href":"https:\/\/www.quetza.cl\/index.php?rest_route=\/wp\/v2\/pages\/29","targetHints":{"allow":["GET"]}}],"collection":[{"href":"https:\/\/www.quetza.cl\/index.php?rest_route=\/wp\/v2\/pages"}],"about":[{"href":"https:\/\/www.quetza.cl\/index.php?rest_route=\/wp\/v2\/types\/page"}],"author":[{"embeddable":true,"href":"https:\/\/www.quetza.cl\/index.php?rest_route=\/wp\/v2\/users\/1"}],"replies":[{"embeddable":true,"href":"https:\/\/www.quetza.cl\/index.php?rest_route=%2Fwp%2Fv2%2Fcomments&post=29"}],"version-history":[{"count":3,"href":"https:\/\/www.quetza.cl\/index.php?rest_route=\/wp\/v2\/pages\/29\/revisions"}],"predecessor-version":[{"id":355,"href":"https:\/\/www.quetza.cl\/index.php?rest_route=\/wp\/v2\/pages\/29\/revisions\/355"}],"wp:attachment":[{"href":"https:\/\/www.quetza.cl\/index.php?rest_route=%2Fwp%2Fv2%2Fmedia&parent=29"}],"curies":[{"name":"wp","href":"https:\/\/api.w.org\/{rel}","templated":true}]}}